 g(w) = 2*w**2 - 2. Let s(o) = 2*o**2 - 1. Let m(v) = -2*g(v) + 3*s(v). List the prime factors of m(2).
3
Suppose 5*w = -0*w + 20. Suppose 16 = w*y - 12. List the prime factors of y.
7
Let s(i) = i**2 - i + 1. List the prime factors of s(5).
3, 7
Let i(z) = 1 - z**2 + 20 - 7 - z. What are the prime factors of i(0)?
2, 7
Let b(u) = u**3 - 5*u**2 - 6*u + 5. Let y = 5 + 0. Suppose -2*t - 30 = -6*t + 3*a, -y*a - 4 = t. List the prime factors of b(t).
5
Suppose 0 = 3*l - 217 - 20. List the prime factors of l.
79
Suppose 55 = 4*w - 5. List the prime factors of w.
3, 5
Let d be -8 - -8 - 1*-7. Suppose -22 = -s - d. List the prime factors of s.
3, 5
Suppose -7*u + 662 + 52 = 0. What are the prime factors of u?
2, 3, 17
Let b(v) = v**3 - v + 2. Let p be b(0). Suppose -w = 3*r - 8 - p, -40 = -4*w + 4*r. What are the prime factors of w?
2, 5
Let s be (3 + 5/(-2))*-16. List the prime factors of (4/s)/((-2)/12).
3
Let y(m) = -m**3 - 16*m**2 - 3*m - 27. What are the prime factors of y(-16)?
3, 7
Let v(g) = -g**3 - 4*g**2 + 1. Let p be v(-4). Let d = p - 9. Let n = 15 + d. List the prime factors of n.
7
Let s(j) = j**2 + 3*j - 9. Let i = -14 + 20. List the prime factors of s(i).
3, 5
Let w be 3/3 + -1 + 0. Let b be 2 + (w - -2) - 0. List the prime factors of 6*(4/3)/b.
2
Let m(c) = -c**3 + 2*c**2 + 3*c. Let t be m(3). Suppose w + t*w = 22. What are the prime factors of w?
2, 11
Let u = -114 + 162. Suppose 5*w = -v - 2*v - 80, 3*v - u = 3*w. Let x = 27 + w. List the prime factors of x.
11
Let h = -13 - -26. Let p = h + -8. What are the prime factors of p?
5
What are the prime factors of (57/19)/((-6)/(-448))?
2, 7
Let q(m) = -2*m + 1. Let x(h) = -h**3 - 7*h**2 - 7*h - 7. Let j be x(-6). List the prime factors of q(j).
3
Suppose -j + 334 = 2*j - 4*c, 4*j + 3*c - 487 = 0. What are the prime factors of j?
2, 59
Let v = 3 - 3. Suppose 2*u = 4 - v. Suppose -2*c + 28 = u*c. List the prime factors of c.
7
Suppose 0 = -0*v + 5*v - 3*g - 5, 0 = 4*v - 4*g + 4. Suppose -2*x = -v*x + 28. List the prime factors of x.
2, 7
Suppose 14 = 5*b - 1. Let y(s) = -3 + 4*s**2 - 3*s**b + 2*s**2 + 3*s + 4*s**3. What are the prime factors of y(-5)?
7
Let l(b) = b**2 - 4*b + 7. Let v be l(5). What are the prime factors of (-8)/v - 330/(-9)?
2, 3
Let p(h) = h**2 + 5*h - 3. Let z be p(-6). Suppose b - z = -2*b. What are the prime factors of (0 - -2)*b - -14?
2
Let x = -7 - -3. Let s be -4*2/x + 2. Suppose -2*z = -s - 4. What are the prime factors of z?
2
Let h(r) = -r**2 + r - 1. Let l(v) = 3*v**2 - 10*v + 1. Let x(t) = 2*h(t) + l(t). Let g be x(6). Let m = -7 - g. What are the prime factors of m?
2, 3
Suppose 1595 = 6*o + 455. List the prime factors of o.
2, 5, 19
Let b(k) = -3*k**3 - 6*k**2 + 9*k + 26. List the prime factors of b(-5).
2, 103
Let n(v) = -v + 1. Let g be n(-5). What are the prime factors of -1*(-1 + g/(-3))?
3
Suppose -5*h + 3*h = c - 14, 4*c - 4*h = 20. List the prime factors of c.
2
Let b(q) = q**3 - 4*q**2 + 4*q - 2. Let y be b(4). Suppose a - 2*a + 2*l = y, 5*a + 5*l = 5. Let v = a + 13. What are the prime factors of v?
3
Suppose 28 = -3*k + 235. List the prime factors of k.
3, 23
Let n = 1 + 2. List the prime factors of (-1)/(n/30*-2).
5
List the prime factors of (-292)/(-24) - 3/18.
2, 3
Suppose 2*v + 3 = -v. Let n be -1 + 1/(v/(-6)). What are the prime factors of ((-35)/(-2))/n*2?
7
Let r(u) = u**3 - 4*u**2 - 3*u - 3. What are the prime factors of r(5)?
7
Let w = 541 - 382. What are the prime factors of w?
3, 53
Let r(t) = 4*t + 1. Suppose 0 = -15*f + 11*f + 20. List the prime factors of r(f).
3, 7
Let g(n) = n**2 + 2. Let a(k) = k**3 + 10*k**2 - 11*k - 2. Let b be a(-11). List the prime factors of g(b).
2, 3
What are the prime factors of ((-178)/5)/((-4)/20 + 0)?
2, 89
Let l(q) = -2*q - 3. Let f be l(3). Let o = -6 - -5. Let g = o - f. What are the prime factors of g?
2
Suppose 4*b = 1 + 35. List the prime factors of b.
3
Let n be (1 - 4) + (-2)/2. Let d(o) = -o**3 - 3*o**2 - 3*o + 4. What are the prime factors of d(n)?
2
Suppose 0 = -2*f - 3*o + 15, 4*o + 2 = f - 0. List the prime factors of f.
2, 3
Let c = -7 + 11. Suppose -2*v + 3*u = -36 - 23, u = c*v - 93. List the prime factors of v.
2, 11
Suppose 0 = 5*k - 25, -2*k = 3*q + 2*q - 110. Suppose 2*r - 14 = q. What are the prime factors of r?
17
Suppose -3*c = -2 - 46. Suppose 0 = -2*m - 4*u + 22, -2*u = 4*m - c - 10. Suppose 16 = m*d - 39. What are the prime factors of d?
11
Let w(q) = 2*q - 8. Let b be w(-5). List the prime factors of (2/(-3))/2*b.
2, 3
Let t = -5 - -7. Suppose -4*i + 7 + 2 = 5*q, t*q = -3*i - 2. List the prime factors of q.
5
Let j(k) = k**2 - 9*k + 6. Let v be j(9). Suppose -2*f + v = f. List the prime factors of f.
2
Suppose -2*n + n + 41 = 0. List the prime factors of n.
41
Let h(g) = 2*g**2 + 5*g - 2. Let v be h(-5). Let p = -13 + v. Let t = -6 + p. List the prime factors of t.
2
Let h be 8/2*(1 - 0). Suppose -3*l - k = -17, -4*k - 14 = -h*l - 2. What are the prime factors of l?
5
Let v(d) = -d**3 - 7*d**2 - 7*d + 3. List the prime factors of v(-6).
3
Let b(o) = -o**3 - o + 5. Let p be b(0). Suppose 3*v + v = -5*y + p, 3*v - 3 = -4*y. What are the prime factors of (10 + 5)*(-1)/y?
5
Suppose -2 - 2 = 2*x. Suppose -13 = -3*u + 23. Let k = u - x. List the prime factors of k.
2, 7
Suppose -f + 46 = -2*q, -5*f + 10*f - 230 = 5*q. What are the prime factors of f?
2, 23
Let p(l) = 170*l**3 + 2*l**2 - l - 2. List the prime factors of p(1).
13
Let j be 10/4 - (-30)/20. Suppose 6*i - j*i = 14. What are the prime factors of i?
7
Suppose 5*z - 11 + 1 = 0. Suppose -m = -2*b - 1, -2*m = -0 - z. Suppose b*a + a = 15. What are the prime factors of a?
3, 5
Suppose 2*b + 3 = -3. Let n = -2 - b. Let o(y) = 10*y**2 - y + 1. List the prime factors of o(n).
2, 5
Let u(s) = 3*s**3 + 38*s**2 - 4*s + 17. List the prime factors of u(-12).
353
Let c(v) = -v**3 + 6*v**2 - 6*v + 7. Let q be c(5). Suppose 19 - q = n. What are the prime factors of n?
17
Suppose -9*v = -8*v. Suppose 4*n - 5*n + 42 = v. List the prime factors of n.
2, 3, 7
Let u be (-460)/120 + 2/(-12). Let o(m) = m**2 + m + 2. What are the prime factors of o(u)?
2, 7
Suppose -m + 4 = 0, -4*t - 2*m + 488 = t. Suppose -2*w + t = 2*w. List the prime factors of w.
2, 3
Let w = 2 - -24. What are the prime factors of w?
2, 13
Let p(y) = 38*y**3 - 3*y**2 - 2. List the prime factors of p(2).
2, 5, 29
Let v = -36 - -77. What are the prime factors of v?
41
Suppose -3*d + 10 + 14 = 0. Let t = d - 4. What are the prime factors of t?
2
Let q be 3 + (-2 - -5)/(-1). Suppose 0 = -4*r - q*r + 24. List the prime factors of r.
2, 3
Suppose 140 = 2*d + 2*d. List the prime factors of 301/d + (-2)/(-5).
3
Suppose 5*r = -2*z + z + 332, 72 = r + 3*z. List the prime factors of r.
2, 3, 11
Let p(a) = -a + 7. Let y be p(6). Let v(o) = o**2 + y - o - 2*o**2 - 5*o. List the prime factors of v(-3).
2, 5
List the prime factors of (20/40)/((-2)/(-36)).
3
Let c = 21 - 11. Suppose -4*a = a - c. Suppose 67 = 4*i - q, 2*i = -a*q + 12 + 14. What are the prime factors of i?
2
Let k be -2*105/(-4)*-2. What are the prime factors of k/(-6) + (-1)/2?
17
Let n(o) = o**3 - 8*o**2 + 8*o - 3. Let r be n(7). Suppose r*k + 0*k = -5*i - 14, -6 = 5*i - 4*k. List the prime factors of i + 1 - (-3 - 7).
3
Let k(q) = q**2 - q. Let a(t) = t**2 - 5*t + 2. Let r be a(5). Let h be k(r). Suppose 3*v + h*s - 10 = 0, 10 = s + 4*s. What are the prime factors of v?
2
Let h(m) = m**2 + 12*m + 16. Let l be h(-16). Suppose -2*f - 2*u + 7*u + 47 = 0, 5*f - l = 5*u. List the prime factors of f.
11
Suppose -105 = -3*s - 2*s. List the prime factors of s.
3, 7
Suppose -6*w = -5*k - 4*w + 6, -9 = -4*k + 3*w. Let x(v) = v**3 + 3*v**2 + 2*v**2 + 4 - 4*v**2 - v. List the prime factors of x(k).
2
Let f(p) = -3*p + 31. List the prime factors of f(-15).
2, 19
Suppose 6*l + 7 = -11. What are the prime factors of (-41)/l - 5/(-15)?
2, 7
Suppose -4*u + 2*u = w - 23, 5*w - 3*u = 63. Suppose -3*r - 6 = -w. What are the prime factors of r?
3
Suppose -4*k + 4 = -4*o + 2*o, -3*o + k + 4 = 0. Suppose o*l = 7*w - 2*w + 26, 0 = 4*l + w - 52. List the prime factors of l.
13
Let f(l) = -6*l + 5. Let w(n) = 18*n - 16. Let m(x) = 10*f(x) + 3*w(x). List the prime factors of m(-3).
2, 5
Let u(q) = -q**2 + 24*q + 1. What are the prime factor